{"id":13696,"date":"2024-02-07T21:03:27","date_gmt":"2024-02-07T20:03:27","guid":{"rendered":"https:\/\/www.bratislavadesignweek.sk\/?page_id=13696"},"modified":"2024-09-20T21:27:48","modified_gmt":"2024-09-20T19:27:48","slug":"edicia-majstri-23","status":"publish","type":"page","link":"https:\/\/www.bratislavadesignweek.sk\/en\/edicia-majstri-23\/","title":{"rendered":"ED\u00cdCIA MAJSTRI 23"},"content":{"rendered":"<div data-elementor-type=\"wp-page\" data-elementor-id=\"13696\" class=\"elementor elementor-13696\" data-elementor-post-type=\"page\">\n\t\t\t\t<div class=\"elementor-element elementor-element-fea1832 e-flex e-con-boxed e-con e-parent\" data-id=\"fea1832\" data-element_type=\"container\">\n\t\t\t\t\t<div class=\"e-con-inner\">\n\t\t\t\t<div class=\"elementor-element elementor-element-df3bf94 elementor-widget__width-initial elementor-widget elementor-widget-heading\" data-id=\"df3bf94\" data-element_type=\"widget\" data-widget_type=\"heading.default\">\n\t\t\t\t<div class=\"elementor-widget-container\">\n\t\t\t<h2 class=\"elementor-heading-title elementor-size-default\">EXHIBIT<\/h2>\t\t<\/div>\n\t\t\t\t<\/div>\n\t\t\t\t\t<\/div>\n\t\t\t\t<\/div>\n\t\t<div class=\"elementor-element elementor-element-7c76c64 e-flex e-con-boxed e-con e-parent\" data-id=\"7c76c64\" data-element_type=\"container\">\n\t\t\t\t\t<div class=\"e-con-inner\">\n\t\t\t\t<div class=\"elementor-element elementor-element-fcb851c elementor-widget__width-initial elementor-widget elementor-widget-heading\" data-id=\"fcb851c\" data-element_type=\"widget\" data-widget_type=\"heading.default\">\n\t\t\t\t<div class=\"elementor-widget-container\">\n\t\t\t<h2 class=\"elementor-heading-title elementor-size-default\">Ed\u00edcia majstri \/ Viliam Chlebo<\/h2>\t\t<\/div>\n\t\t\t\t<\/div>\n\t\t\t\t<div class=\"elementor-element elementor-element-1292ceb elementor-widget__width-initial elementor-widget elementor-widget-text-editor\" data-id=\"1292ceb\" data-element_type=\"widget\" data-widget_type=\"text-editor.default\">\n\t\t\t\t<div class=\"elementor-widget-container\">\n\t\t\t\t\t\t\t<p>V ed\u00edci\u00ed Majstri predstav\u00edme tento rok ve\u013emi z\u00e1sadn\u00fa osobnos\u0165 slovensk\u00e9ho, spr\u00e1vnej\u0161ie \u010deskoslovensk\u00e9ho dizajnu Viliama Chleba. S\u00e1m poch\u00e1dzal z \u010deskoslovenskej rodiny (mama \u010ce\u0161ka, otec Slov\u00e1k). Napriek tomu, \u017ee ne\u0161tudoval dizajn na vysokej, ale len strednej \u0161kole ( v Sp.N. Vsi) jeho sedac\u00ed n\u00e1bytok, ktor\u00fd navrhol pre Kodretu Myjava zasiahol v 70. \u2013 80.tych rokoch mas\u00edvne verejn\u00fd priestor \u2013 najm\u00e4 kancel\u00e1rske, \u0161kolsk\u00e9, \u00faradn\u00e9 ale aj bytov\u00e9 interi\u00e9ry. Vyr\u00e1bal sa 30. rokov a celkovo i\u0161lo o 10.-tky tis\u00edc kusov. Pre viacer\u00e9 gener\u00e1cie je jasne \u010ditate\u013en\u00fd a vzbudzuje siln\u00e9 em\u00f3cie. I\u0161lo najm\u00e4 o s\u00e9riu T2403. Jednoduch\u00e1 kovov\u00e1\u00a0kon\u0161trukcia a \u010dal\u00fanen\u00fd odn\u00edmate\u013en\u00fd po\u0165ah z ra\u017en\u00e9ho pl\u00e1tna pripevnen\u00fd vtedy modern\u00fdmi cvokmi bol symbolom dynamick\u00e9ho interi\u00e9ru \u2013novej doby .<\/p>\t\t\t\t\t\t<\/div>\n\t\t\t\t<\/div>\n\t\t\t\t<div class=\"elementor-element elementor-element-289c681 elementor-widget__width-initial elementor-widget elementor-widget-image\" data-id=\"289c681\" data-element_type=\"widget\" data-widget_type=\"image.default\">\n\t\t\t\t<div class=\"elementor-widget-container\">\n\t\t\t\t\t\t\t\t\t\t\t\t\t<img fetchpriority=\"high\" decoding=\"async\" width=\"648\" height=\"648\" src=\"https:\/\/www.bratislavadesignweek.sk\/wp-content\/uploads\/2023\/11\/image-2.png\" class=\"attachment-medium_large size-medium_large wp-image-13069\" alt=\"\" srcset=\"https:\/\/www.bratislavadesignweek.sk\/wp-content\/uploads\/2023\/11\/image-2.png 648w, https:\/\/www.bratislavadesignweek.sk\/wp-content\/uploads\/2023\/11\/image-2-300x300.png 300w, https:\/\/www.bratislavadesignweek.sk\/wp-content\/uploads\/2023\/11\/image-2-150x150.png 150w, https:\/\/www.bratislavadesignweek.sk\/wp-content\/uploads\/2023\/11\/image-2-66x66.png 66w, https:\/\/www.bratislavadesignweek.sk\/wp-content\/uploads\/2023\/11\/image-2-200x200.png 200w, https:\/\/www.bratislavadesignweek.sk\/wp-content\/uploads\/2023\/11\/image-2-400x400.png 400w, https:\/\/www.bratislavadesignweek.sk\/wp-content\/uploads\/2023\/11\/image-2-600x600.png 600w\" sizes=\"(max-width: 648px) 100vw, 648px\" \/>\t\t\t\t\t\t\t\t\t\t\t\t\t<\/div>\n\t\t\t\t<\/div>\n\t\t\t\t<div class=\"elementor-element elementor-element-dab6ec4 elementor-widget__width-initial elementor-widget elementor-widget-text-editor\" data-id=\"dab6ec4\" data-element_type=\"widget\" data-widget_type=\"text-editor.default\">\n\t\t\t\t<div class=\"elementor-widget-container\">\n\t\t\t\t\t\t\t<p>Okrem neho ale navrhol , e\u0161te mnoho \u010fal\u0161\u00edch dizajnov a bol aj tvorcom interi\u00e9rov. Spolupracoval s mnoh\u00fdmi podnikmi, v\u00fdznamn\u00e1 bola spolupr\u00e1ca s Drevopodnikom Hole\u0161ov. Do 80. rokov pracoval v tvrorivom tandeme s Jaroslavom Hre\u0161\u010d\u00e1kom.<\/p>\t\t\t\t\t\t<\/div>\n\t\t\t\t<\/div>\n\t\t\t\t<div class=\"elementor-element elementor-element-988279c elementor-widget__width-initial elementor-widget elementor-widget-image\" data-id=\"988279c\" data-element_type=\"widget\" data-widget_type=\"image.default\">\n\t\t\t\t<div class=\"elementor-widget-container\">\n\t\t\t\t\t\t\t\t\t\t\t\t\t<img decoding=\"async\" width=\"768\" height=\"818\" src=\"https:\/\/www.bratislavadesignweek.sk\/wp-content\/uploads\/2023\/11\/image-768x818.png\" class=\"attachment-medium_large size-medium_large wp-image-13068\" alt=\"\" srcset=\"https:\/\/www.bratislavadesignweek.sk\/wp-content\/uploads\/2023\/11\/image-768x818.png 768w, https:\/\/www.bratislavadesignweek.sk\/wp-content\/uploads\/2023\/11\/image-282x300.png 282w, https:\/\/www.bratislavadesignweek.sk\/wp-content\/uploads\/2023\/11\/image-200x213.png 200w, https:\/\/www.bratislavadesignweek.sk\/wp-content\/uploads\/2023\/11\/image-400x426.png 400w, https:\/\/www.bratislavadesignweek.sk\/wp-content\/uploads\/2023\/11\/image-600x639.png 600w, https:\/\/www.bratislavadesignweek.sk\/wp-content\/uploads\/2023\/11\/image.png 800w\" sizes=\"(max-width: 768px) 100vw, 768px\" \/>\t\t\t\t\t\t\t\t\t\t\t\t\t<\/div>\n\t\t\t\t<\/div>\n\t\t\t\t<div class=\"elementor-element elementor-element-3c77aa9 elementor-widget__width-initial elementor-widget elementor-widget-text-editor\" data-id=\"3c77aa9\" data-element_type=\"widget\" data-widget_type=\"text-editor.default\">\n\t\t\t\t<div class=\"elementor-widget-container\">\n\t\t\t\t\t\t\t<p>Chlebo patr\u00edjednozna\u010dne z h\u013eadiska dosahu jeho tvorbymedzi naj\u00faspe\u0161nej\u0161\u00edch tvorcov \u2013 dizajn\u00e9rov na Slovesnsku ale aj v b\u00fdvalej \u010cSSR. Rozhovor s\u00a0n\u00edm prinesieme \u010doskoro.<\/p>\t\t\t\t\t\t<\/div>\n\t\t\t\t<\/div>\n\t\t\t\t\t<\/div>\n\t\t\t\t<\/div>\n\t\t\t\t<\/div>","protected":false},"excerpt":{"rendered":"<p>VYSTAVUJ\u00daCI Ed\u00edcia majstri \/ Viliam Chlebo V ed\u00edci\u00ed Majstri predstav\u00edme tento rok ve\u013emi z\u00e1sadn\u00fa osobnos\u0165 slovensk\u00e9ho, spr\u00e1vnej\u0161ie \u010deskoslovensk\u00e9ho dizajnu Viliama Chleba. S\u00e1m poch\u00e1dzal z \u010deskoslovenskej rodiny (mama \u010ce\u0161ka, otec Slov\u00e1k). Napriek tomu, \u017ee ne\u0161tudoval dizajn na vysokej, ale len strednej \u0161kole ( v Sp.N. Vsi) jeho sedac\u00ed n\u00e1bytok, ktor\u00fd navrhol pre Kodretu Myjava zasiahol v [&hellip;]<\/p>","protected":false},"author":2,"featured_media":0,"parent":0,"menu_order":0,"comment_status":"closed","ping_status":"closed","template":"","meta":{"footnotes":""},"_links":{"self":[{"href":"https:\/\/www.bratislavadesignweek.sk\/en\/wp-json\/wp\/v2\/pages\/13696"}],"collection":[{"href":"https:\/\/www.bratislavadesignweek.sk\/en\/wp-json\/wp\/v2\/pages"}],"about":[{"href":"https:\/\/www.bratislavadesignweek.sk\/en\/wp-json\/wp\/v2\/types\/page"}],"author":[{"embeddable":true,"href":"https:\/\/www.bratislavadesignweek.sk\/en\/wp-json\/wp\/v2\/users\/2"}],"replies":[{"embeddable":true,"href":"https:\/\/www.bratislavadesignweek.sk\/en\/wp-json\/wp\/v2\/comments?post=13696"}],"version-history":[{"count":8,"href":"https:\/\/www.bratislavadesignweek.sk\/en\/wp-json\/wp\/v2\/pages\/13696\/revisions"}],"predecessor-version":[{"id":14260,"href":"https:\/\/www.bratislavadesignweek.sk\/en\/wp-json\/wp\/v2\/pages\/13696\/revisions\/14260"}],"wp:attachment":[{"href":"https:\/\/www.bratislavadesignweek.sk\/en\/wp-json\/wp\/v2\/media?parent=13696"}],"curies":[{"name":"wp","href":"https:\/\/api.w.org\/{rel}","templated":true}]}}

EDÍCIA MAJSTRI 23

<div data-elementor-type="wp-page" data-elementor-id="13696" class="elementor elementor-13696" data-elementor-post-type="page">
				<div class="elementor-element elementor-element-fea1832 e-flex e-con-boxed e-con e-parent" data-id="fea1832" data-element_type="container">
					<div class="e-con-inner">
				<div class="elementor-element elementor-element-df3bf94 elementor-widget__width-initial elementor-widget elementor-widget-heading" data-id="df3bf94" data-element_type="widget" data-widget_type="heading.default">
				<div class="elementor-widget-container">
			<h2 class="elementor-heading-title elementor-size-default">EXHIBIT</h2>		</div>
				</div>
					</div>
				</div>
		<div class="elementor-element elementor-element-7c76c64 e-flex e-con-boxed e-con e-parent" data-id="7c76c64" data-element_type="container">
					<div class="e-con-inner">
				<div class="elementor-element elementor-element-fcb851c elementor-widget__width-initial elementor-widget elementor-widget-heading" data-id="fcb851c" data-element_type="widget" data-widget_type="heading.default">
				<div class="elementor-widget-container">
			<h2 class="elementor-heading-title elementor-size-default">Edícia majstri / Viliam Chlebo</h2>		</div>
				</div>
				<div class="elementor-element elementor-element-1292ceb elementor-widget__width-initial elementor-widget elementor-widget-text-editor" data-id="1292ceb" data-element_type="widget" data-widget_type="text-editor.default">
				<div class="elementor-widget-container">
							<p>V edícií Majstri predstavíme tento rok veľmi zásadnú osobnosť slovenského, správnejšie československého dizajnu Viliama Chleba. Sám pochádzal z československej rodiny (mama Češka, otec Slovák). Napriek tomu, že neštudoval dizajn na vysokej, ale len strednej škole ( v Sp.N. Vsi) jeho sedací nábytok, ktorý navrhol pre Kodretu Myjava zasiahol v 70. – 80.tych rokoch masívne verejný priestor – najmä kancelárske, školské, úradné ale aj bytové interiéry. Vyrábal sa 30. rokov a celkovo išlo o 10.-tky tisíc kusov. Pre viaceré generácie je jasne čitateľný a vzbudzuje silné emócie. Išlo najmä o sériu T2403. Jednoduchá kovová konštrukcia a čalúnený odnímateľný poťah z ražného plátna pripevnený vtedy modernými cvokmi bol symbolom dynamického interiéru –novej doby .</p>						</div>
				</div>
				<div class="elementor-element elementor-element-289c681 elementor-widget__width-initial elementor-widget elementor-widget-image" data-id="289c681" data-element_type="widget" data-widget_type="image.default">
				<div class="elementor-widget-container">
													<img fetchpriority="high" decoding="async" width="648" height="648" src="https://www.bratislavadesignweek.sk/wp-content/uploads/2023/11/image-2.png" class="attachment-medium_large size-medium_large wp-image-13069" alt="" srcset="https://www.bratislavadesignweek.sk/wp-content/uploads/2023/11/image-2.png 648w, https://www.bratislavadesignweek.sk/wp-content/uploads/2023/11/image-2-300x300.png 300w, https://www.bratislavadesignweek.sk/wp-content/uploads/2023/11/image-2-150x150.png 150w, https://www.bratislavadesignweek.sk/wp-content/uploads/2023/11/image-2-66x66.png 66w, https://www.bratislavadesignweek.sk/wp-content/uploads/2023/11/image-2-200x200.png 200w, https://www.bratislavadesignweek.sk/wp-content/uploads/2023/11/image-2-400x400.png 400w, https://www.bratislavadesignweek.sk/wp-content/uploads/2023/11/image-2-600x600.png 600w" sizes="(max-width: 648px) 100vw, 648px" />													</div>
				</div>
				<div class="elementor-element elementor-element-dab6ec4 elementor-widget__width-initial elementor-widget elementor-widget-text-editor" data-id="dab6ec4" data-element_type="widget" data-widget_type="text-editor.default">
				<div class="elementor-widget-container">
							<p>Okrem neho ale navrhol , ešte mnoho ďalších dizajnov a bol aj tvorcom interiérov. Spolupracoval s mnohými podnikmi, významná bola spolupráca s Drevopodnikom Holešov. Do 80. rokov pracoval v tvrorivom tandeme s Jaroslavom Hreščákom.</p>						</div>
				</div>
				<div class="elementor-element elementor-element-988279c elementor-widget__width-initial elementor-widget elementor-widget-image" data-id="988279c" data-element_type="widget" data-widget_type="image.default">
				<div class="elementor-widget-container">
													<img decoding="async" width="768" height="818" src="https://www.bratislavadesignweek.sk/wp-content/uploads/2023/11/image-768x818.png" class="attachment-medium_large size-medium_large wp-image-13068" alt="" srcset="https://www.bratislavadesignweek.sk/wp-content/uploads/2023/11/image-768x818.png 768w, https://www.bratislavadesignweek.sk/wp-content/uploads/2023/11/image-282x300.png 282w, https://www.bratislavadesignweek.sk/wp-content/uploads/2023/11/image-200x213.png 200w, https://www.bratislavadesignweek.sk/wp-content/uploads/2023/11/image-400x426.png 400w, https://www.bratislavadesignweek.sk/wp-content/uploads/2023/11/image-600x639.png 600w, https://www.bratislavadesignweek.sk/wp-content/uploads/2023/11/image.png 800w" sizes="(max-width: 768px) 100vw, 768px" />													</div>
				</div>
				<div class="elementor-element elementor-element-3c77aa9 elementor-widget__width-initial elementor-widget elementor-widget-text-editor" data-id="3c77aa9" data-element_type="widget" data-widget_type="text-editor.default">
				<div class="elementor-widget-container">
							<p>Chlebo patríjednoznačne z hľadiska dosahu jeho tvorbymedzi najúspešnejších tvorcov – dizajnérov na Slovesnsku ale aj v bývalej ČSSR. Rozhovor s ním prinesieme čoskoro.</p>						</div>
				</div>
					</div>
				</div>
				</div>

<p>VYSTAVUJÚCI Edícia majstri / Viliam Chlebo V edícií Majstri predstavíme tento rok veľmi zásadnú osobnosť slovenského, správnejšie československého dizajnu Viliama Chleba. Sám pochádzal z československej rodiny (mama Češka, otec Slovák). Napriek tomu, že neštudoval dizajn na vysokej, ale len strednej škole ( v Sp.N. Vsi) jeho sedací nábytok, ktorý navrhol pre Kodretu Myjava zasiahol v [&hellip;]</p>
